) = 5 - s + 2*l**2 - 7*l**2 - 2. Calculate p(-1).
-4
Let k be 11 + (-2 - 4) + (-21)/(-3). Let x(i) = -i**3 + 11*i**2 + 14*i - 16. What is x(k)?
8
Let j(k) = -10*k**3 + 16*k**3 - 1 + 476*k**2 - 476*k**2 - 2*k. Suppose 4*v = v - 3*g + 9, 3*v - 2*g = -11. Give j(v).
-5
Let h be (-80)/(-50) - (-8)/(-5). Let n(j) = j**3 + j**2 - 14. What is n(h)?
-14
Suppose -14 = -4*z + o + 2, 2*o = z - 4. Let d(n) = 6 + n**2 - n - 4 + z*n. Suppose -8*y - 309 = -269. Give d(y).
12
Let v(p) = -8*p**2 + 23*p - 7. Let o(g) = 3*g**2 - 8*g + 2. Let z(a) = 11*o(a) + 4*v(a). Let i(u) = u**2 + 26*u + 155. Let k be i(-10). What is z(k)?
-1
Suppose 2*c + 2*c = -3*k - 18, -3*k - 3*c - 18 = 0. Let r(p) be the second derivative of p**4/12 + p**3 + p**2 - 207*p. Give r(k).
2
Let n(g) = -g**2 - 5*g - 1. Suppose 0 = -9*b + 7*b, 4*c + 3*b - 56 = 0. Suppose -5*m - 19 - c = 2*h, -4*h - 16 = 0. What is n(m)?
-1
Let b(t) = -109*t**2 + 18*t - 49. Let w(z) = -78*z**2 + 12*z - 33. Let a(v) = -5*b(v) + 7*w(v). Determine a(-6).
14
Suppose -183*x + 194*x = 44. Let f(c) be the first derivative of -3/2*c**2 + 1 - 4*c + 1/3*c**3. Calculate f(x).
0
Let j(n) be the third derivative of -1/120*n**5 + 0*n - 4*n**2 + 2/3*n**3 + 1/12*n**4 + 0. Let s(r) be the first derivative of j(r). Give s(7).
-5
Let o(f) = -f**3 - 9*f**2 + 10*f + 1. Suppose 0 = -0*v + 3*v + 30. Let z be o(v). Let a(t) = z + 10*t + t**2 - 8*t + 0*t**2. Calculate a(-1).
0
Let k(v) = v**2 + 3*v + 2. Let h be k(-3). Let j(z) = -5 + 3*z**2 + 0*z + 9 - z**3 + z - h*z**2. What is j(0)?
4
Let k = 0 + 0. Suppose -3*j + b + 24 = -2, -5*b = -j + 32. Let h(m) = -5*m**2 + 15. Let s(a) = -3*a**2 + 8. Let l(p) = j*s(p) - 4*h(p). Determine l(k).
-4
Suppose 39*m - 8 = 47*m. Let c(f) = 12*f**3 - 2*f - 1. Determine c(m).
-11
Suppose 3*s + q - 1 = 0, 0*s - 2*s - 21 = 5*q. Let i(k) = -371 + 2*k + 2*k + k**s + 367. Calculate i(-4).
-4
Suppose -3*v = -v - 4*l + 34, -4*v - 18 = 2*l. Let q(f) = 10*f**3 - 13*f + 9. Let k(z) = -7*z**3 + 9*z - 6. Let w(t) = v*k(t) - 5*q(t). Give w(2).
-7
Let f(y) = -8*y - 15. Let o(s) = -4*s - 15. Let l(a) = -3*f(a) + 4*o(a). Determine l(3).
9
Let s(v) = v + 4. Let k be 2/10 - (-28)/10. Let f(m) = 2 + k + 6*m + 0 - 5*m. Let h(l) = 4*f(l) - 5*s(l). Give h(0).
0
Let g = 89 - 37. Let p = -51 + g. Let d(s) = 5*s**2 - 1. Give d(p).
4
Let q(g) = g + 9. Let r be (2 - 1) + -17 + -2. Determine q(r).
-9
Let a(z) = -z**3 - 3*z**2 - z + 2. Let t = 69 + -61. Suppose 6*h = t*h + 4. Determine a(h).
0
Suppose 0 = 7*s + 5*s + 48. Let t(c) be the second derivative of -4*c**3/3 + c**2/2 - c. Let u(q) = 15*q - 2. Let z(p) = s*u(p) - 7*t(p). Calculate z(1).
-3
Let i(x) be the third derivative of x**5/60 + 5*x**4/24 - x**2. Let n(r) = -r**2 - 7*r - 14. Let p be n(-7). Let g(z) = -z - 17. Let w be g(p). Determine i(w).
-6
Suppose -2*d - 35 + 9 = -2*r, 4*d - 29 = -5*r. Suppose -o - 17 = -5*x, 5*x + o = -2*o + r. Suppose x*b + 5 = 29. Let t(q) = q - 3. What is t(b)?
5
Let g(z) be the third derivative of -z**6/120 - z**5/30 + z**4/24 + 4*z**2 + 2. Give g(-2).
-2
Let d = -1583 - -1580. Let a(w) = 3*w**2 - w**3 + 4 + 2*w + 0*w**3 + 2*w**3. What is a(d)?
-2
Let x be 42/240 - (4 - (-93)/(-24)). Let r(n) be the second derivative of 1/3*n**3 - x*n**5 - 1/2*n**4 + 3*n**2 - n + 0. Give r(-6).
-6
Let v(g) be the first derivative of -g**6/90 + g**5/40 - 46*g**3/3 - 51. Let q(m) be the third derivative of v(m). Calculate q(2).
-10
Let b(j) = j. Suppose 5*h - 17 + 2 = 0. Let d(p) = p**2 - 5*p - 5. Let v(n) = h*b(n) + d(n). What is v(5)?
10
Let y(t) = 2*t**2 + t. Let g(q) = -q + 8. Let z(i) = i - 8. Let o be z(7). Let u be (o/3)/((-2)/42). Let k be g(u). Calculate y(k).
3
Let n(x) = 2*x**3 - 4*x**2 + 5*x - 4. Let c be n(2). Let i(d) = -d**2 + 8*d - 11. Let m be i(c). Let v(f) = -8*f**2 - 1. Determine v(m).
-9
Suppose 3*x - 27 = 2*y, 0 = 4*x - 3*y - y - 36. Let z(b) = 11 - 11 + x*b. Calculate z(1).
9
Let i be ((-4795)/45)/7 - (-8)/36. Let x(o) = 2*o + 23. What is x(i)?
-7
Let f(y) be the first derivative of -y**2 + 6*y + 103. Give f(7).
-8
Let x(y) be the second derivative of y**2/2 - 75*y. Let f(h) = 4*h + 2*h - 1 - 5*h. Let a(g) = -f(g) - 3*x(g). Determine a(-4).
2
Let q be (2/(-4))/(3/12). Let t(l) = -l - 2. Let g be t(q). Suppose -10 = -g*w + w - 3*o, -4*o + 8 = 0. Let c(z) = -z - 4. What is c(w)?
0
Let p(c) = c**2 + 8*c + 10. Let f(v) = -v**2 - 7*v - 4. Let u be f(-3). Suppose -20 - u = 4*q. Give p(q).
3
Let i(m) be the third derivative of m**6/120 - 2*m**5/15 - m**4/3 + 2*m**3/3 + 128*m**2 - 2. What is i(9)?
13
Let p(f) = f**3 - 10*f**2 + 8*f + 10. Let t = -99 - -99. Suppose t = 4*w - 2*w - 4*m - 26, 49 = 5*w - 2*m. Calculate p(w).
1
Let y(s) = -9*s**3 - 2*s**2 + 1. Let k be -1 + 4/10 + (-8)/(-5). Determine y(k).
-10
Let i(v) = 5*v**3 + 20*v**2 - 15*v + 2. Let o(j) = 4*j**3 + 18*j**2 - 14*j + 2. Let w(n) = -5*i(n) + 6*o(n). Calculate w(7).
-12
Let i(a) = a**3 - 4*a**2 - 7*a + 10. Let o be i(5). Let p(n) = -2 - 2 + 184*n + o - 183*n. What is p(10)?
6
Let l(v) be the first derivative of v**4/4 + 2*v**3 - v**2 - 6*v + 141. What is l(-6)?
6
Let v be 13 - 5 - 8/4. Let y(u) be the first derivative of -u**4/4 + 5*u**3/3 + 7*u**2/2 - 3*u + 3. What is y(v)?
3
Let y = -30 + 32. Let w(z) = 11*z**2 - 6*z**2 - 2*z - 1 - 12*z**y. What is w(-2)?
-25
Let h(t) = -2*t + 1. Let a be h(-1). Let z(j) = -j**2 + 3*j - 2. Give z(a).
-2
Let l(c) = -c**3 + 6*c**2 - c + 2. Suppose 3 = 2*y + 3*t - 7, 4*t + 20 = 4*y. Let d(b) = -2*b + 2 + 5 - y + 7*b**2 - 1. Let k be d(1). What is l(k)?
-4
Let j = 766 - 761. Let x(p) = 7*p + 7. Calculate x(j).
42
Let w be -8*(-3)/6*1. Suppose i - 2 = -8. Let u(y) = -5*y - 2. Let l(v) = 4*v + 3. Let s(n) = i*l(n) - 5*u(n). Calculate s(w).
-4
Let l(u) = 30*u + 4 - 69*u - 5 + 52*u. Give l(-1).
-14
Let g(v) = v**3 + 3*v**2 - 4*v. Suppose 3*q - q = 18. Let j = 5 - q. Calculate g(j).
0
Let m(j) be the second derivative of -j**2 + 3*j - 1/6*j**3 + 0. Calculate m(0).
-2
Let p = -1163 + 1163. Let h(y) be the second derivative of 7/6*y**3 - 8*y + p + 3*y**2 + 1/12*y**4. Determine h(-4).
-6
Let w(d) be the second derivative of -4*d**3/3 + 51*d**2/2 + 7*d + 5. Calculate w(7).
-5
Let i(l) = -l**2 - 9*l - 8. Let j = 54 - 50. Suppose -4*y + 2*y - 22 = 2*g, -j*g + 5*y - 8 = 0. Give i(g).
6
Suppose -3*g + 2*v + 20 = 1, -3*g - 4*v + 25 = 0. Let j(a) = 14*a - 8. Let b(k) = -14*k + 7. Let l(c) = g*b(c) + 6*j(c). What is l(1)?
-13
Let m be 3/(-7) - 786/(-21). Suppose 0 = x - 4*h - 3 - 11, -2*x - m = 5*h. Let u(g) = -g**3 - 6*g**2. What is u(x)?
0
Let b(p) = p**3 + 4*p**2 + 3*p + 10. Let g be b(-4). Let j(y) = 5*y + 1. Give j(g).
-9
Let q be -3 + 161/49 - 132/(-28). Let i(v) be the second derivative of -v**5/20 + v**4/3 + 2*v**3/3 - 7*v**2/2 - 18*v. Determine i(q).
-12
Let a be (-5)/(-3) - 1/(-3). Suppose -q = -5*l - 11, 4*l + 1 + 3 = a*q. Let p = -8 - l. Let m(d) = -d - 5. Calculate m(p).
0
Let l(q) = q**3 + q**2 + 2*q + 40. Let o be 7 - (616/(-11))/(-8). Give l(o).
40
Let c(q) = -2 - 2*q + 7 + 6*q - 6. Let x(k) = -k**2 - k - 1. Let z be x(0). Calculate c(z).
-5
Let w(v) be the second derivative of v**3/6 - v**2/2 + 5*v + 2. Calculate w(4).
3
Let z(c) = 23 - 15*c + 42 - 60 - c**2. Calculate z(-15).
5
Let r(h) be the first derivative of 5*h**3 - h**2/2 - h - 2. Suppose -l - l = 2. Determine r(l).
15
Let s(f) = -8*f - 4. Let k(x) = -2. Let r(o) = -o + 4. Let d(b) = 2*k(b) + r(b). Let u(a) = 3*d(a) - s(a). What is u(3)?
19
Let f(g) = -2*g + 1. Let l(q) = -q + 1. Let o = 29 + -24. Let d(h) = o*l(h) - 3*f(h). Let i(u) = -2*u + 5. Let b be i(5). Calculate d(b).
-3
Suppose -4*n = -11*n - 42. Let l(y) = 1 - 2 + 6 + 9*y + y**2. Calculate l(n).
-13
Let i(x) be the third derivative of x**5/40 - x**4/12 + 11*x**3/6 - 5*x**2 + 1. Let s(w) be the first derivative of i(w). Let h = 1 + -3. Determine s(h).
-8
Let b(h) = -h**2 - 8*h - 8. Suppose 10 = 4*a + a. Suppose -3*v + a*v = 7. Determine b(v).
-1
Let c(t) = -t**2 - 2*t - 1. Let d = 26 - 22. Let r be (6/12)/((-1)/d). What is c(r)?
-1
Let u(c) = -c**3 + 16*c**2 - 16*c + 17. Let y be u(15). Let b(o) = -17 - 1 + 4 - y*o + 8. Let n = -6 + 2. What is b(n)?
2
Suppose 1514*v - 1530*v - 96 = 0. Let u(f) be the third derivative of -f**6/120 - f**5/12 + 3*f**4/8 + 7*f**3/6 - 2*f**2. Calculate u(v).
-11
Suppose 5*k - 2*w - 69 = 0, k = -3*k - 2